the tens digit of ((-3627)/18 + 5)*q?
7
Let x be -975*(2 + 13/(-6))*2. What is the tens digit of (57 - x)*(-14)/4?
3
Let a(u) = -229*u + 65. Let s be a(-10). Let f = s - 1062. What is the hundreds digit of f?
2
Let g = 35 - 35. Suppose g = -3*p - 9 + 3. What is the hundreds digit of (-350)/(-2) - (-8)/p?
1
What is the hundreds digit of (-9740)/(-30)*(-3 + 57/2)?
2
Suppose 0 = -4*i + 4 + 8. Suppose i*t + 46 = 151. What is the units digit of t?
5
Suppose -30232*y = -30254*y + 454916. What is the units digit of y?
8
Suppose 4 = 2*l, -3*l + 3 = -3*w + 9. Suppose w*n = -2*p + 48, 5*n - p = 3*n + 24. Suppose 33*g - 30*g - n = 0. What is the units digit of g?
4
Let j(b) = 37 + 66*b**2 - 17*b + 67*b**2 - 51*b**2. What is the units digit of j(3)?
4
Let l = 15088 + -15009. Let z = 105 - 153. Let a = l - z. What is the units digit of a?
7
Let o be 2/8 - (-36)/48. Let s be 113 - ((o - 4) + 7). Let l = 175 - s. What is the tens digit of l?
6
Suppose -2*t + 10602 = -4*m, 2*t - 5*m - 10478 = 122. What is the tens digit of t?
0
Suppose 5*p = 4*c + 54025, 1765 - 12571 = -p + c. What is the thousands digit of p?
0
Let c = 6643 - -1544. What is the tens digit of c?
8
Suppose -5*o + 5*v + 2655 = 0, -2*v + 519 = o + 3*v. What is the units digit of o?
9
Suppose 88 = -4*m + 92, 0 = p - 3*m - 17265. What is the thousands digit of p?
7
Suppose 4*c - 4*j - 36 = 0, 3*c = -0*j - j + 23. What is the hundreds digit of c/12 + (-3153)/(-9)?
3
Let o(u) = u**3 + 9*u**2 - 18*u - 23. Let q be o(-11). Let h = 44 - q. Suppose 0 = 5*x + h - 581. What is the tens digit of x?
9
Suppose 84*d - 81513 - 249566 = 55993. What is the tens digit of d?
0
Suppose -2554 = -3*v - 5*l + 7834, -2 = l. What is the hundreds digit of v?
4
Let g(a) = -a**3 + 85*a**2 - 243*a + 19. What is the hundreds digit of g(82)?
2
Let w = -22 - -18. Let g(k) be the third derivative of -9*k**4/8 - k**3 + 5*k**2 + 5. What is the hundreds digit of g(w)?
1
Let s = -314 + 470. Let v = s + -225. Let q = v - -98. What is the units digit of q?
9
Suppose -94*o + 181*o + 73208 = 91*o. What is the units digit of o?
2
What is the hundreds digit of (13284/(-270))/(882/(-440) - -2)?
8
Suppose 3*z + 4*h + 31 = 762, -z = 3*h - 252. Let c = 490 - z. What is the hundreds digit of c?
2
Suppose 0 = -22*w + 75*w - 106. Suppose 4*r = y - 1448, 7*y - 4*y + w*r - 4288 = 0. What is the units digit of y?
2
Let l(o) = -o - 5. Let s be l(-9). Suppose -57 - 23 = -s*w. Let n = w + 8. What is the units digit of n?
8
Suppose 5*y = -2*h + 86584, 5*h - y + 71892 = 288460. What is the ten thousands digit of h?
4
Suppose -15864 = -14*h - 1066. Let v = h + -744. What is the units digit of v?
3
Let b = 34180 - 20261. What is the hundreds digit of b?
9
Suppose 10*c - 5*c = -d + 28, 5*d - c = 88. Suppose 4*n - 5*n - d = 0. What is the units digit of (1 - 6)*n/15?
6
Let t = -24 - -53. Let d = 29 + -2. Let f = t + d. What is the tens digit of f?
5
Let q = -10064 - -16676. What is the thousands digit of q?
6
Suppose -3*l + 0*l - 9827 = -27782. What is the units digit of l?
5
Let u(p) = -552*p**3 - 2*p**2 - 12*p - 20. What is the thousands digit of u(-2)?
4
Let y = -30 + 81. Let d = y + 395. Suppose 0*m = -5*m + 2*b + 1115, 2*m - d = -3*b. What is the units digit of m?
3
Suppose 3*y + 4*a - 30282 = 6*a, 3*a = -11*y + 111065. What is the units digit of y?
6
Let v(m) = -2*m**3 - 18*m**2 - 39*m - 2. Let y(r) = -r**3 - r - 1. Let b(z) = -v(z) + y(z). What is the hundreds digit of b(-12)?
4
Suppose 2 = -2*q, -17*l + 4*q + 183 = -16*l. Let m = l + -57. What is the units digit of m?
2
Suppose -3*a - 3*s - 161 + 41 = 0, a - 4*s + 45 = 0. Suppose 5*y + 3*r = 495, 4*r + 99 = 4*y - 3*y. Let v = y + a. What is the tens digit of v?
5
Suppose 2*k - 707 = -5*o, 2*k + 793 = 4*o + 231. Let j(s) = 12*s + 66. Let b be j(-12). Let w = b + o. What is the units digit of w?
3
Let p(y) = 60*y**3 - 13*y**2 + 45*y + 9. What is the units digit of p(8)?
7
Suppose 346*k - 8823755 = -1718991. What is the units digit of k?
4
Let d(y) = 5*y**2 + 86*y - 3205. What is the thousands digit of d(69)?
6
Let r = -120 - -125. Suppose -1720 = -r*x + 5*f, 344 = x - 5*f + f. What is the hundreds digit of x?
3
Let j be (8 - 7) + (4 - -3). Suppose -58 = -j*v + 4*v - p, -5*v = 4*p - 78. What is the tens digit of v?
1
Let d be (-12 - -12)/(-1*(-4)/(-1)). Suppose d*s - 6*s + 1602 = 0. What is the hundreds digit of s?
2
Let i be 109 + (0 - (-7 - -4)). Suppose 0 = 3*z + b + 2*b - 3, -3*z = -4*b - 10. Suppose 3*t + z*f - 173 = 0, t - 2*f = -t + i. What is the units digit of t?
7
Suppose t + 13307 = 4*i, 114*i - 3*t = 115*i - 3330. What is the units digit of i?
7
Suppose -3*n + 90*d = 85*d + 8005, 0 = -n - 5*d - 2655. Let t = n + 3932. What is the units digit of t?
7
Let i be 9 + -4 + 7 + -3. Let u(b) = 7 + b + 2*b - i*b. What is the units digit of u(-5)?
7
Let b be (1*40/(-25))/(4/(-10)). Suppose 4*v - 732 = -b*i, -4*i - v - 945 = -9*i. What is the units digit of i?
8
What is the thousands digit of 22931 + ((-5)/(-4))/(((-52)/16)/(-13))?
2
Suppose -4*z = -5*b + 40, 0*z = b + 3*z + 11. Suppose 1160 = 3*x + b*d, -2*x = x - d - 1165. What is the tens digit of x?
8
Suppose -117108 = -4*p - 32*p. Suppose -2*d + 1046 = -5*m - 232, 5*d + 2*m - p = 0. What is the units digit of d?
9
Suppose 2*f = 2*o - 122, 5*o - 61 = 3*f + 254. Let k = o - 41. What is the hundreds digit of -1 - -210 - k/5?
2
Let j be (-1)/(-2 - (-18)/10). Suppose i - j*z - 3 = 10, 0 = 5*i + z - 39. Suppose 112 = i*l - 6*l. What is the tens digit of l?
5
Let h(j) = 3*j**2 + 4*j - 1. Let q be h(3). Let z = q - -1084. What is the thousands digit of z?
1
Suppose -11*s + 16863 = -10551 - 5729. What is the tens digit of s?
1
Let r(f) = -14*f**2 + f + 9 + 13*f**2 - f. Let y be r(0). What is the tens digit of (78/y)/(4/66)?
4
Let g(p) = 424*p - 2. Suppose k = z, 7*k - 8*k + 6 = 5*z. What is the tens digit of g(k)?
2
Suppose 13*s + 24 = 19*s. Suppose 2*z - 841 = -s*i + z, 5*z - 443 = -2*i. Let g = i + -116. What is the tens digit of g?
9
Suppose 542 = 2*b - 348. Suppose -2*r - 445 = -q, 0*q = q - r - b. What is the hundreds digit of q?
4
Let l(b) = b**3 + 8*b**2 + 7*b + 3. Let w be l(-7). Suppose -6*f + 1125 = w*f. Let u = f + -58. What is the tens digit of u?
6
Suppose 839*p = 838*p. What is the units digit of 353 - (1 + p + -3)?
5
Let i = -22 + -16. Let j = i - 131. Let n = j - -302. What is the units digit of n?
3
Let d(n) = 7*n**2 + 36*n + 6556. What is the units digit of d(0)?
6
Let y(h) = -h**3 + 24*h**2 - 24*h + 42. Let g be y(23). Suppose g*i - 1463 = 12*i. What is the units digit of i?
9
Let o = 609 + -358. Suppose 5*z - 1 = -26, -f - z = -o. What is the units digit of f?
6
Let h = 16 + -9. Suppose h*l - 2*l = -3*j + 1451, l - 281 = 4*j. What is the units digit of l?
9
Let t be 20/8*((-12)/5)/(-3). Suppose -h - 2*h = -864. Suppose -d + 44 = -2*y + h, d = -t. What is the units digit of y?
1
Let y be 498/102 - 5 - (-480)/34. Suppose -y*z = 10*z - 9408. What is the tens digit of z?
9
What is the hundreds digit of (-1 - -100 - -2)/((75/545)/15)?
0
Let r(q) = -q**2 - q + 2. Let f be ((-64)/48)/((-4)/(-6)). Let o be r(f). Suppose o = 4*b - 301 - 551. What is the units digit of b?
3
Let c be 1*((-5)/(-1) + -5)/3. Suppose c = 11*y - 3*y - 840. What is the units digit of y?
5
Let a be (5/25*5)/1*5. What is the hundreds digit of a + 0 + 1914/6?
3
Suppose 66*l + 2598 = 68*l. Suppose 4*s - l = 1345. What is the hundreds digit of s?
6
Let w(v) = -2*v**3 + 5 - 1 - 1 - 6*v - 7*v**2 + 0*v**2. Let t(s) = s**3 - 13*s**2 + 39*s + 2. Let p be t(8). What is the hundreds digit of w(p)?
2
What is the units digit of 267025/100*((-3)/(-6)*16 - 4)?
1
Let d = 1570 + -901. Suppose 5*t = 3*z - 679, 3*z - 64*t + 61*t = d. What is the hundreds digit of z?
2
Let c be (-1)/2 - (-214)/(-4). Let q be ((-414)/161)/((-9)/84). What is the units digit of -28*(c/q)/9?
7
Suppose -5*z + 15815 = -3*x - 172789, -2*z = -x - 75442. Suppose 32*m = 14886 + z. What is the hundreds digit of m?
6
What is the thousands digit of 2/8 - 1567266/(-184)?
8
Let i(y) = -23*y - 159. Let d be i(-7). Let g(n) = n - 2. Let a be g(6). What is the units digit of 93 - (d + a/(-4))?
2
Suppose -12*q + 5560 = 2032. Suppose 2*p + q = 5*d, 2*p = 3*p - 3. What is the units digit of d?
0
Suppose 8 = -3*y + 3*k + 